What is the units digit of 4 + (-3 + 1)*-5?
4
Let a be 39/4 - 9/(-36). What is the units digit of (164/a)/((-24)/(-60))?
1
Let n(v) = -3*v**3 - 2*v**2 - 5*v - 1. Let d be n(-4). Suppose 0 = 5*z + 19 - d. What is the units digit of z?
2
Suppose -2*p - 3*r + r - 38 = 0, -4*p - 5*r = 81. Let g(y) = -y. Let v be g(6). Let l = v - p. What is the units digit of l?
8
Suppose 0 = -2*z, 5*z = -3*k + z - 36. What is the units digit of 4 - (k/(-4))/3?
3
Let z = 17 - 7. Let g = z - 6. Suppose -11 = -4*x + g*r + 41, 0 = r - 4. What is the units digit of x?
7
Suppose -r - 3*g + 3 = 0, 4*r + 4*g + 10 = 5*r. Let n = r - 4. Let p = n - 0. What is the units digit of p?
2
Let u be (-4)/((-8)/6) - 6. What is the tens digit of (-10)/((9/6)/u)?
2
Let m(g) = -g**3 + 11*g**2 - 3*g - 5. What is the tens digit of m(10)?
6
Suppose -7*c - c + 1328 = 0. What is the units digit of c?
6
Suppose 0 = 4*i - 7*i + 240. What is the units digit of i?
0
Suppose 0 = -w - 0*w. Let m(g) = 4*g + w*g - 5*g. What is the units digit of m(-5)?
5
What is the tens digit of 24/84 - 318/(-14)?
2
Let i(h) be the second derivative of -h**5/20 + 7*h**4/6 - 2*h**3 + 5*h**2/2 - 3*h. What is the tens digit of i(13)?
1
Let d = 5 - 4. Let y(s) be the third derivative of 5*s**4/12 - s**3/6 + s**2. What is the units digit of y(d)?
9
Suppose -201 = -2*q + 75. What is the tens digit of q?
3
Suppose g = -3*g + 256. What is the units digit of g?
4
Let b = -6 + -4. Let f(n) = n**2 + 6*n. Let w be f(b). Suppose w = 5*r - 25. What is the units digit of r?
3
Let q(h) = 5*h**3 - h**2. Let w be q(1). What is the units digit of 9/w*8/3?
6
Suppose 5*l - 3*y = 70, -4*l - y + 3*y = -56. Let n = l - 5. Suppose -h - 1 = -n. What is the units digit of h?
8
Suppose -4*x + 67 = -697. What is the units digit of x?
1
Let m(x) = x**2 + 6*x - 6. Let a be m(-6). Let s(h) = 0 - 8*h - 5 + h + 1 - h**2. What is the units digit of s(a)?
2
Let j = 2 - 0. Suppose -j*a + 5*a = 54. Let s = a + -13. What is the units digit of s?
5
Let b = 19 + -17. What is the units digit of -13*(b + (4 - 7))?
3
Let l(v) = -4*v + 17. What is the units digit of l(4)?
1
Let l(f) = -3*f + 0*f + f**2 - f + 1. Suppose 3*a + 6*a - 36 = 0. What is the units digit of l(a)?
1
Let g(d) = 7*d + 2. Let w be g(-3). Let r = w + 33. What is the tens digit of r?
1
Let z(g) = 1 - 3*g + g + 2*g - 29*g. What is the tens digit of z(-1)?
3
Suppose 0 = -8*z + 6*z + 488. What is the hundreds digit of z?
2
What is the tens digit of 7*12 + 19 + -16?
8
Let k(m) = m**2 - 4*m + 3. Suppose q = 2*n - 3 + 10, -4*q + n + 21 = 0. What is the units digit of k(q)?
8
Let w(z) = 3*z + 13. What is the units digit of w(7)?
4
Suppose 5*h - 159 = -2*p, -5*h - 16 = -p + 26. What is the units digit of p?
7
Let h(t) = -t. Let c be h(-2). What is the tens digit of (-70)/(-6) - c/3?
1
What is the units digit of (40/15)/((-6)/(-63))?
8
Let h = 59 + 20. What is the tens digit of h?
7
Suppose 0 = -4*d + 103 + 97. What is the units digit of d?
0
Let m(k) = 96*k**2 + 3*k + 1. Let t be m(-1). Suppose 5*l - 11 = t. What is the units digit of l?
1
Let k be ((-12)/(-9))/(8/12). Suppose -3*p = -2*n + 20, -k*p + 57 = 3*n + 14. What is the units digit of n?
3
Let b be -1*5/2*-16. What is the tens digit of (-12)/5*b/(-6)?
1
Suppose 0*g = 2*g. Let i be 4/(-2) - (g + -2). What is the units digit of 5/((2 - i) + -1)?
5
Let y(r) = 2*r**2 - 2*r - 9. Let w be y(-6). Suppose -4*j + w + 21 = 0. What is the tens digit of j?
2
Let y be (4 - 5)*(0 + 0). Let p be 6/9*3*1. Let n = y + p. What is the units digit of n?
2
Let s(k) = k**2 + 3*k + 5. Suppose -2*c + 0*c - 10 = 2*x, -3*x + 3 = 0. What is the tens digit of s(c)?
2
Let n be 2/(-3) + (-3)/9. What is the units digit of (2 + -3)/(n/8)?
8
Let j(m) = m + m + 16 - 9 + 0*m**2 + m**2. Let l be j(-8). Suppose 4*c + 0*h + h = 50, 5*h - l = -5*c. What is the units digit of c?
3
Let x(s) = 2 + 3*s + 3*s - 4*s - s. What is the units digit of x(3)?
5
Let t be 3*(0 - (1 + -2)). Let s be t/(-6)*(-12)/(-2). What is the units digit of (1/4)/(s/(-12))?
1
Let k = 2 + 10. Suppose 4*m - k + 4 = 0. Suppose 2*u = -m*u + 8. What is the units digit of u?
2
Let s(z) = 7*z**2 + 1. Let w(i) = i - 8. Let c be w(7). What is the units digit of s(c)?
8
Suppose 2*n - 2 - 8 = 0. Suppose 0 = 3*g + 4*w - 3, -5*g = w - n*w - 5. What is the units digit of g?
1
Let b(h) = -h - 9. Let r be b(-7). Let c be 0 + r - (1 - 7). What is the units digit of ((-9)/c)/((-6)/16)?
6
Let n(p) = p**2 - 12*p - 19. Let a be n(13). What is the units digit of (-243)/(-72) - a/(-16)?
3
What is the units digit of 5/10 + 111/6?
9
Let p(s) = -s**3 + 2*s + 15 - 2*s - 4 - 8*s - 10*s**2. Suppose 2*v - v = -5*t - 40, 2*v - 19 = t. What is the units digit of p(t)?
2
Let p = 5 + 243. What is the tens digit of p?
4
Suppose -4*i + 212 = 36. Suppose 3*g + 4*s - i = 0, 4 = g + 4*s - 16. What is the tens digit of g?
1
What is the tens digit of 1*(0 + -2)*-11?
2
Let f(n) = 2*n**3 - n**2 - 2*n. Let l be f(4). Let z = -73 + l. Suppose 0 = -2*w + 3*r - 0*r + z, 0 = -4*w + 4*r + 56. What is the tens digit of w?
1
Suppose -2*c - 3*q + 22 = 0, 5*q + 14 = 5*c - 2*c. Let g be 2*(1/(-2) - 3). Let d = g + c. What is the units digit of d?
1
Let g = 43 + -85. Let x(p) = 60*p**2 + p. Let f be x(-1). Let k = f + g. What is the tens digit of k?
1
Suppose -h + 6*h - 9 = -4*t, 4*t = 4*h. Let c(r) = 0 + h - 5*r - r**2 + 6 + 0. What is the units digit of c(-5)?
7
Suppose 51 = -16*k + 17*k. What is the units digit of k?
1
Suppose -4*j + 27 = -j. Let f be 1/3 - 3/j. Suppose -2*w = 3*w + 2*l - 33, -3*w - 5*l + 35 = f. What is the units digit of w?
5
Let k = 13 + -29. Let c be (k/(-6))/((-4)/(-6)). Let q = 2 + c. What is the units digit of q?
6
Suppose 0 = -4*u - 8*q + 3*q + 2, 5 = -u - 4*q. What is the units digit of u?
3
What is the tens digit of (77 - 0) + (16 - 16)?
7
Suppose -5*x - 8 = -3. Let m be (-20)/(-9) + 12/(-54). Let z = m + x. What is the units digit of z?
1
Let c = -44 + 64. What is the units digit of c?
0
Let u(r) be the second derivative of r**3/6 - 3*r**2/2 + r. Let x be u(3). Suppose x = 4*f - 4*v - 12, 2*f - 6 = -2*v - 0. What is the units digit of f?
3
Suppose 0 = -2*u + 125 - 39. What is the tens digit of u?
4
Suppose 6*k = 2*k + 20, 5*b - 2*k - 5 = 0. Suppose -4 = b*c - 4*c. What is the units digit of c?
4
Let t = -105 + 150. What is the tens digit of t?
4
Let o = 26 - 22. What is the units digit of o?
4
Suppose 9*b + 81 = 6*b. Let l be (-6)/b - 34/(-9). Suppose -27 = -5*o + l*a - 1, 4*o - 5*a = 28. What is the units digit of o?
2
Let t be 15/6 - 1/2. Suppose -5*u = -5*z - 5, u - 4*u + 5 = -t*z. What is the units digit of z?
2
Suppose -b - 38 = -8. Let w = -9 - b. What is the units digit of w?
1
Let u = -71 + 154. What is the tens digit of u?
8
Suppose -d - 4*d = 45. Let i = d + 30. What is the units digit of i?
1
Let n(k) = 2*k - 6. Let z be n(4). Let u(h) = -2*h**2 + h + 2. Let f(d) = 3*d**2 - 2*d - 2. Let q(g) = 4*f(g) + 5*u(g). What is the units digit of q(z)?
4
Suppose 3*t = -4*t + 497. What is the tens digit of t?
7
Suppose 12*k + 336 = 15*k. What is the hundreds digit of k?
1
Let h(a) = 3*a + 1. Let q(k) = -3*k + k - 2*k. Let v(o) = 3*h(o) + 2*q(o). What is the units digit of v(6)?
9
What is the units digit of (1/(-3))/(4/(-48))?
4
Suppose -7 = -2*d + 93. What is the tens digit of d?
5
Suppose 0 = -2*n - x + 89, 0 = -5*n - 4*x - 68 + 283. Let g = 69 - n. What is the units digit of g?
2
What is the units digit of (-27)/(4 + 39/(-9))?
1
Suppose 6*y - 4*r - 66 = y, 5*r - 10 = -3*y. Let u(j) = 3*j - 14. What is the tens digit of u(y)?
1
Let w(b) = 5*b**2 - 2*b - 6. What is the units digit of w(3)?
3
Let i(k) = -k**3 + 4*k**2 - 2*k + 1. Let l be i(4). Let y = 2 - l. What is the units digit of y?
9
What is the hundreds digit of ((-2)/3)/(5 - 13461/2691)?
2
Let l(r) = 9*r. Let v be l(2). Suppose 11 = 3*i - 4*x, i - 5*i + 2*x + v = 0. What is the units digit of (1 + i)*(1 + 0)?
6
Suppose -2*l = -119 - 45. What is the units digit of l?
2
Let c be (-380)/(-16) - 2/(-8). Suppose 2*p + 8 = c. What is the units digit of p?
8
What is the units digit of 4/6 + (-308)/(-6)?
2
Suppose -12 = n - 58. What is the tens digit of n?
4
Let t(f) = -f**3 - 6*f**2 - 7*f - 6. Let v be t(-5). Suppose q = -v*q + 225. Let z = q - 30. What is the tens digit o